3
Calculate the greatest common divisor of 5 and 1.
1
What is the greatest common divisor of 21 and 168?
21
What is the highest common divisor of 8 and 176?
8
Calculate the greatest common factor of 8509 and 67.
67
What is the greatest common divisor of 1102 and 38?
38
Calculate the greatest common divisor of 11 and 660.
11
Calculate the highest common divisor of 1300 and 40.
20
Calculate the highest common divisor of 45 and 445.
5
What is the highest common divisor of 68 and 1360?
68
Calculate the highest common factor of 11 and 121.
11
Calculate the highest common factor of 221 and 208.
13
What is the highest common factor of 4 and 13064?
4
What is the highest common divisor of 1384 and 16?
8
What is the highest common factor of 261 and 116?
29
Calculate the highest common factor of 1 and 139.
1
Calculate the highest common divisor of 380 and 950.
190
Calculate the highest common factor of 102 and 11118.
102
Calculate the highest common factor of 237 and 158.
79
What is the highest common factor of 387 and 516?
129
Calculate the highest common divisor of 504 and 196.
28
What is the greatest common divisor of 8 and 56?
8
What is the highest common factor of 83 and 581?
83
Calculate the greatest common divisor of 781 and 77.
11
Calculate the highest common factor of 256 and 64.
64
What is the highest common divisor of 12 and 336?
12
Calculate the highest common factor of 147 and 98.
49
Calculate the greatest common divisor of 2 and 38.
2
Calculate the greatest common factor of 117 and 39.
39
What is the highest common factor of 1 and 19?
1
Calculate the greatest common divisor of 70 and 175.
35
What is the greatest common factor of 885 and 30?
15
What is the highest common divisor of 4 and 474?
2
What is the highest common factor of 120 and 24?
24
What is the greatest common factor of 88 and 6490?
22
Calculate the highest common factor of 93 and 3627.
93
What is the highest common divisor of 84 and 777?
21
Calculate the highest common factor of 8960 and 980.
140
Calculate the highest common divisor of 665 and 931.
133
Calculate the highest common factor of 32 and 144.
16
Calculate the greatest common factor of 376 and 1175.
47
Calculate the highest common factor of 30618 and 252.
126
Calculate the highest common factor of 60 and 260.
20
Calculate the greatest common divisor of 13 and 6539.
13
What is the highest common factor of 136 and 204?
68
Calculate the greatest common divisor of 1599 and 2337.
123
Calculate the highest common factor of 340 and 80.
20
What is the highest common factor of 697 and 205?
41
Calculate the greatest common factor of 402 and 469.
67
What is the highest common divisor of 120 and 48?
24
What is the greatest common divisor of 12 and 381?
3
Calculate the highest common factor of 9 and 3.
3
What is the highest common divisor of 246 and 12?
6
Calculate the greatest common divisor of 11710 and 10.
10
What is the greatest common factor of 32 and 40?
8
Calculate the greatest common factor of 260 and 13780.
260
What is the highest common divisor of 2167 and 11?
11
Calculate the highest common factor of 304 and 19.
19
What is the highest common factor of 114 and 3496?
38
Calculate the greatest common divisor of 546 and 84.
42
What is the highest common factor of 165 and 363?
33
What is the greatest common divisor of 3242 and 6?
2
What is the highest common factor of 7340 and 240?
20
Calculate the highest common divisor of 392 and 14.
14
What is the highest common divisor of 3577 and 73?
73
Calculate the greatest common factor of 112 and 14.
14
What is the greatest common factor of 222 and 185?
37
Calculate the greatest common factor of 64 and 40.
8
What is the highest common factor of 215 and 55?
5
Calculate the greatest common divisor of 7 and 12131.
7
What is the greatest common divisor of 2034 and 198?
18
What is the greatest common factor of 10 and 160?
10
Calculate the greatest common divisor of 1770 and 210.
30
What is the greatest common divisor of 34 and 142?
2
Calculate the highest common factor of 8664 and 72.
24
Calculate the greatest common factor of 74 and 8288.
74
Calculate the greatest common divisor of 3402 and 36.
18
Calculate the highest common factor of 11 and 1727.
11
What is the highest common divisor of 162 and 2025?
81
What is the greatest common factor of 10 and 10?
10
What is the highest common divisor of 3460 and 260?
20
Calculate the highest common factor of 153 and 136.
17
Calculate the highest common divisor of 2158 and 52.
26
What is the highest common divisor of 61 and 610?
61
What is the greatest common divisor of 101 and 9?
1
What is the greatest common factor of 17 and 527?
17
Calculate the highest common divisor of 560 and 4340.
140
What is the highest common divisor of 333 and 3?
3
Calculate the greatest common factor of 14697 and 213.
213
Calculate the greatest common divisor of 5376 and 48.
48
Calculate the highest common factor of 8 and 20.
4
What is the highest common divisor of 1510 and 10?
10
Calculate the highest common divisor of 585 and 225.
45
What is the greatest common factor of 372 and 5673?
93
What is the greatest common divisor of 165 and 3675?
15
What is the highest common divisor of 3870 and 180?
90
Calculate the highest common divisor of 6 and 50.
2
What is the greatest common factor of 62 and 3100?
62
Calculate the highest common factor of 15 and 4245.
15
Calculate the highest common divisor of 156 and 2119.
13
What is the highest common divisor of 165 and 3333?
33
Calculate the highest common divisor of 1314 and 54.
18
Calculate the highest common factor of 181 and 5611.
181
What is the greatest common divisor of 726 and 330?
66
What is the highest common divisor of 28 and 35560?
28
What is the greatest common factor of 7900 and 60?
20
What is the greatest common factor of 217 and 50561?
217
Calculate the greatest common divisor of 71 and 355.
71
What is the highest common divisor of 18 and 558?
18
What is the highest common divisor of 208 and 16?
16
Calculate the highest common divisor of 1 and 25.
1
What is the greatest common factor of 49 and 441?
49
Calculate the greatest common divisor of 28 and 210.
14
Calculate the greatest common divisor of 1128 and 141.
141
Calculate the greatest common factor of 779 and 246.
41
Calculate the greatest common divisor of 6 and 147.
3
Calculate the greatest common factor of 52 and 4056.
52
What is the greatest common factor of 18 and 200?
2
What is the greatest common factor of 10 and 170?
10
What is the greatest common factor of 200 and 7450?
50
Calculate the greatest common factor of 211 and 49585.
211
Calculate the highest common divisor of 4064 and 32.
32
Calculate the highest common divisor of 856 and 16.
8
What is the greatest common factor of 4949 and 294?
49
What is the highest common divisor of 9718 and 258?
86
What is the greatest common factor of 49 and 8?
1
What is the highest common factor of 1702 and 1406?
74
What is the highest common divisor of 102 and 2482?
34
What is the greatest common divisor of 14 and 26?
2
What is the highest common divisor of 120 and 504?
24
What is the greatest common factor of 2652 and 52?
52
What is the greatest common divisor of 17 and 148?
1
Calculate the greatest common factor of 355 and 5.
5
Calculate the greatest common divisor of 16 and 400.
16
Calculate the highest common factor of 363 and 165.
33
Calculate the highest common factor of 5091 and 6.
3
What is the highest common divisor of 85 and 6885?
85
Calculate the highest common factor of 246 and 66.
6
What is the greatest common divisor of 6109 and 205?
41
What is the greatest common divisor of 2401 and 490?
49
Calculate the greatest common factor of 154 and 6986.
14
Calculate the greatest common divisor of 18 and 6.
6
What is the greatest common divisor of 454 and 8?
2
Calculate the highest common divisor of 784 and 49.
49
What is the greatest common factor of 144 and 64?
16
Calculate the greatest common factor of 1052 and 4.
4
What is the greatest common divisor of 376 and 5734?
94
Calculate the greatest common factor of 44 and 3916.
44
What is the highest common divisor of 3597 and 33?
33
What is the greatest common divisor of 962 and 26?
26
Calculate the highest common factor of 10 and 710.
10
Calculate the greatest co